est common factor of 26 and c.
26
Let o be (4/(-8) - 0)*-20. Suppose -4*k - 2*w + o = -2*k, 2*k - 5*w = -4. Let t = -3 + 4. Calculate the highest common factor of t and k.
1
Let j = -23 + 33. Let q be 4 + -2 - -1*j. Let c be (-28)/(-10) + 1/5. Calculate the highest common divisor of c and q.
3
Let g be (-27)/(-12) - 2/8. Suppose -2*m + 36 = g*m. Suppose -11*k + 504 = -4*k. What is the greatest common factor of k and m?
9
Suppose -18 = -5*x + l, 2*x - 2*l = 4*x. What is the highest common divisor of x and 33?
3
Let r be (-138)/((-6)/4*(-14)/(-21)). Calculate the highest common factor of 92 and r.
46
Let x be (-20)/5*(89/(-4) - 1). Calculate the highest common factor of x and 62.
31
Suppose 2 + 4 = -2*b + 2*m, -4*b + 3*m = 11. Let u = 5 + b. Suppose -u*g - 45 = -5*r, -4*r + 18 + 35 = g. What is the highest common factor of r and 30?
6
Let p be (-21)/(-105) - 219/(-5). Calculate the greatest common divisor of p and 22.
22
Let q be 69 - ((-6)/(-21) + 19/7). What is the greatest common divisor of 11 and q?
11
Let h(b) = 18*b - 4. Let w be h(3). Calculate the highest common factor of 10 and w.
10
Suppose -2*l - l + 99 = 0. Calculate the greatest common divisor of l and 22.
11
Suppose -117 + 981 = 6*j. What is the highest common factor of j and 16?
16
Let u(m) = m. Let s(p) = 2*p**2 - 4*p + 3. Let o(a) = s(a) + 6*u(a). Let h be o(-2). Let x = 84 - h. What is the greatest common factor of x and 11?
11
Let i = 30 + -6. Let q(x) be the first derivative of x**3/3 + x**2/2 + 12*x + 4. Let d be q(0). Calculate the highest common divisor of i and d.
12
Suppose -6*h + h = -5*q - 155, -5*h - q + 161 = 0. Calculate the greatest common divisor of 48 and h.
16
Let p(n) be the third derivative of -n**5/60 + n**4/8 - n**2. Let v be p(3). Let s be (-60 + v)*4/(-6). Calculate the greatest common factor of 8 and s.
8
Let t be (46/8)/(4/16). Suppose 2*s = -7 + t. Calculate the greatest common divisor of 12 and s.
4
Let u be ((-12)/5)/((-3)/10). Let f = -2 + u. What is the highest common factor of 54 and f?
6
Let n(b) = 16*b**2 + 2*b - 1. Let c be n(1). Let m = 51 + c. Calculate the highest common divisor of 17 and m.
17
Let h = -2 + 10. Let u(m) = 22*m - 4. Let n be u(2). Calculate the greatest common factor of n and h.
8
Let h = 10 + -9. Let y be -3 - (-8*h - -2). Suppose -2*x = -4*s - 7*x + 1, x + y = 0. What is the greatest common factor of s and 4?
4
Let x be 2/4 + (-42)/(-12). Suppose -2*m + x*m - 16 = 0. Calculate the greatest common divisor of 24 and m.
8
Let m(j) = -j**2 - 11*j - 12. Let c be m(-9). Suppose -4*d + 8 = -40. Calculate the greatest common divisor of c and d.
6
Suppose 0 = 3*c + 2*c. Suppose 0 = -2*m - c*m + 24. Let g be 1*-30*96/(-40). What is the highest common factor of m and g?
12
Suppose 6*p - 12 = -0*p. Suppose 3*l = 2*o - 0*l - 33, 4*l + 34 = p*o. What is the highest common divisor of o and 6?
3
Let h(t) = -5*t + 3. Let f be h(-3). Calculate the highest common factor of 12 and f.
6
Let i(b) = b**2 + 3*b - 5. Let j be i(7). Suppose -5*c + j = 3*u, -3*u - 3*c - 6 = -63. Let m be 1/(-4) + 1082/8. What is the highest common factor of m and u?
15
Let o(n) = -n**2 - 9*n + 2. Let i be 2/2 - (3 - -6). Let m be o(i). Let h be 6/5*m/4. Calculate the highest common divisor of h and 33.
3
Suppose -3*t - t - 492 = 0. Let m = -55 - t. What is the highest common divisor of m and 17?
17
Suppose -389 = -3*a - 3*y + 91, 4*a - 4*y = 600. Let f = a - 85. Calculate the highest common factor of f and 14.
14
Let o be (3/9)/(1/(-39)). Let z = -8 - o. Suppose -5*a + 109 = -116. What is the highest common divisor of a and z?
5
Suppose 5*w + s - 68 = -24, 0 = -w + 5*s + 14. Let r(t) = t**2 - 6*t. Let q be r(-6). Calculate the highest common factor of w and q.
9
Let r = -1 - -2. Suppose 2*m = -3*y + 5*m + 24, 0 = 3*y - 2*m - 19. Suppose y = -3*j + 9. What is the greatest common divisor of j and r?
1
Let s be ((-28)/(-10))/((-3)/(-30)). What is the highest common divisor of s and 7?
7
Let p be (-3)/(3/(2 - 5)). Suppose p*z - 3 - 12 = 0. What is the highest common factor of 5 and z?
5
Let f = -6 + 11. Calculate the greatest common divisor of 20 and f.
5
Suppose -z + 72 = 7*z. Calculate the greatest common factor of z and 72.
9
Suppose 0*v + 2*v + 2*b = 52, -v = -5*b - 50. Let r = 127 - 52. Calculate the highest common factor of v and r.
15
Suppose 0 = j - 4 + 5, 11 = 3*p - 2*j. Suppose 0*q + p*q = 6. Suppose q*t + 9 = 57. What is the greatest common factor of 48 and t?
24
Let d(a) = -a + 22. Let p be d(-14). Let l(v) = 2*v**2 + 3*v - 2. Let g be l(2). Calculate the highest common divisor of g and p.
12
Let b = 22 - 15. Suppose -b*n + 2*n + 30 = 0. What is the highest common divisor of 42 and n?
6
Let t(i) = -2*i + 4. Let l be t(-3). Calculate the highest common divisor of 110 and l.
10
Suppose -4*f + 56 = -44. Suppose -5*p = -10*p + 15. Suppose 0 = 5*a + k - p*k - 123, 2*a + 2*k = 52. What is the highest common factor of a and f?
25
Suppose 4*x - 17 = -1. Suppose x = -0*h + 2*h. Suppose -m + 2*y = 4, 7*m + y = h*m + 35. What is the greatest common factor of m and 6?
6
Let f(a) = -a**2 + 17*a - 10. Let s be f(7). Calculate the greatest common factor of s and 12.
12
Let y be (-110)/(-33)*6/5. Suppose y*w - 406 = 14. Calculate the greatest common factor of 15 and w.
15
Suppose 2*q - 1 - 3 = 0. Suppose 157 = 3*f - 4*m + 61, -60 = -q*f + 4*m. Calculate the highest common divisor of 4 and f.
4
Suppose -2*p = -1 + 5, -5*n - 11 = 3*p. Let q = 2 + n. Calculate the highest common divisor of q and 11.
1
Let o(c) = 7*c**3 - 2*c**2 + 4*c - 2. Let t be o(1). Calculate the highest common divisor of t and 56.
7
Let o(a) = 32*a**2 + 2 - 3 - 11*a**2 + a + 5*a**2. Let x be o(1). Suppose q + 74 = 3*q + j, q + 3*j - 27 = 0. Calculate the highest common factor of q and x.
13
Suppose -68 = -4*l - 4*x, 0 = -x + 2*x - 3. Suppose -10 - l = -2*y. Calculate the greatest common divisor of 132 and y.
12
Let t be (28/(-12) + 2)*0. Suppose -3*a = -t*a + j - 39, -5*j = -a - 3. Calculate the highest common factor of a and 8.
4
Let v = 35 + -24. Calculate the highest common divisor of v and 99.
11
Let i(p) = p**3 + 4*p**2 + 3*p. Let l be i(-3). Suppose l*z - 3*z = -42. What is the highest common factor of 98 and z?
14
Let h be (-2)/((-8)/44*1). Suppose -h - 1 = -4*a. Calculate the greatest common divisor of 3 and a.
3
Suppose 4*l = l + 42. Let p be 63*((-4)/(-6) - 0). Calculate the highest common divisor of l and p.
14
Suppose 240 = 3*v - 96. Let l be 0 + 2 - 10 - 0. Let r = l + 22. Calculate the greatest common factor of v and r.
14
Let v = 11 - 76. Let h = v + 110. Let z be (-8)/(-10) + (86/5 - 0). Calculate the greatest common factor of z and h.
9
Let y be ((-9)/6 - -3)*6. Let x(u) be the second derivative of u**5/20 + u**4/12 - u**3/3 + 2*u. Let n be x(4). Calculate the greatest common factor of n and y.
9
Suppose -5*i = -8*i + 609. Let h = 10 + 19. Calculate the greatest common factor of h and i.
29
Suppose 30 = n + 2*l, -3*l + 27 = -n + 2*n. What is the highest common factor of 12 and n?
12
Let q = -1 - -6. Suppose q*h - 7 = 3. Suppose -5*t = -4*k + k + 28, -h*k + 14 = -t. What is the highest common divisor of 42 and k?
6
Let n = 23 - -17. What is the greatest common factor of 20 and n?
20
Let f be -1 - (12/3 + -8). Calculate the highest common divisor of f and 9.
3
Let q be 4/6*9/2. Let v = -6 + 11. Let p(y) = y**2 + y + 3. Let x be p(v). Calculate the highest common divisor of x and q.
3
Suppose -4*m + 3*m = 0. Let g = 1 - m. Let k be 2 - (g*-9 + 0). Calculate the greatest common divisor of k and 88.
11
Let i be (-3)/12 + (-58)/(-8). Suppose -8*h + 293 = -323. What is the greatest common divisor of i and h?
7
Suppose 94 = 2*v + 58. What is the greatest common divisor of 306 and v?
18
Let u(p) = p**2 - 11*p + 11. Let q be u(10). Let w = -6 - -7. Calculate the greatest common divisor of w and q.
1
Suppose 0 = t - 2*t. Let w(g) = t*g + g + 6 + 12. Let c be w(0). Calculate the highest common divisor of 45 and c.
9
Suppose 0 = 5*n - j + 12, -5*j + 16 = n - 4*n. Suppose 17 = 3*w + 2*u, 3*w - 4 - 7 = -5*u. Let y = w - n. What is the highest common divisor of y and 6?
3
Suppose -5*l - 2 = -87. Calculate the greatest common factor of 85 and l.
17
Suppose 0*p - 54 = -3*p. Suppose 4*c + c - 2*v - 125 =